{"id":1349,"date":"2020-05-03T19:44:33","date_gmt":"2020-05-03T17:44:33","guid":{"rendered":"https:\/\/www.chesnaie.eu\/?post_type=mphb_room_type&#038;p=1349"},"modified":"2022-09-12T10:16:04","modified_gmt":"2022-09-12T08:16:04","slug":"mobil-home-pmr-2-chambres","status":"publish","type":"mphb_room_type","link":"https:\/\/www.chesnaie.eu\/de\/hebergement\/mobil-home-pmr-2-chambres\/","title":{"rendered":"Mobil Home PMR 2 Chambres"},"content":{"rendered":"<div id=\"gauchedet\" class=\"left w50\">\n<div>\n<div class=\"contdetail justify\">\n<h2>Grosser Luxus f\u00fcr die ganze Familie<\/h2>\n<p>Un mobil-home confortable pour 4 personnes, accessible aux personnes \u00e0 mobilit\u00e9 r\u00e9duite.<\/p>\n<p>Mais aussi pour ceux qui veulent un peu plus d\u2019espace dans la chambre et dans la salle d\u2019eau pendant leur s\u00e9jour\u2026<\/p>\n<p>La Chesnaie offre aux personnes \u00e0 mobilit\u00e9 r\u00e9duite, des acc\u00e8s et parking d\u00e9di\u00e9s, un espace douche sp\u00e9cifique, des sanitaires aux normes m\u00eame au bar.<\/p>\n<\/div>\n<\/div>\n<\/div>\n<div id=\"droitedetdet\" class=\"left w50 justify\">\n<div>\n<h3>Masse :<\/h3>\n<p>L. x l. x H. m 2 chambres &#8211; 4 personnes<br \/>\nFl\u00e4che: 45m\u00b2<\/p>\n<ul>\n<li>Cuisine \u00e9quip\u00e9e avec \u00e9vier, plaque 4 feux gaz, micro-ondes, r\u00e9frig\u00e9rateur, cafeti\u00e8re \u00e9lectrique, bouilloire et vaisselle<\/li>\n<li>Salon<\/li>\n<li>1 Zimmer mit einem Bett 140cm<\/li>\n<li>1 chambre lits superpos\u00e9s 70cm<\/li>\n<li>Bettdecken, Decken und Kopfkissen<\/li>\n<li>Salle de bain adapt\u00e9e avec douche, lavabo et wc<\/li>\n<li>Terrasse non couverte avec salon de jardin, parasol et barbecue<\/li>\n<li>1 rampe d\u2019acc\u00e8s<\/li>\n<\/ul>\n<\/div>\n<\/div>","protected":false},"excerpt":{"rendered":"<p>Grosser Luxus f\u00fcr die ganze Familie<br \/>\nUn mobil-home confortable pour 4 personnes, accessible aux personnes \u00e0 mobilit\u00e9 r\u00e9duite.<br \/>\nMais aussi pour ceux qui veulent un peu plus d\u2019espace dans la chambre et dans la salle d\u2019eau pendant leur s\u00e9jour\u2026<\/p>","protected":false},"featured_media":1350,"menu_order":0,"comment_status":"closed","ping_status":"closed","template":"","mphb_room_type_category":[49],"mphb_room_type_tag":[],"mphb_room_type_facility":[],"class_list":["post-1349","mphb_room_type","type-mphb_room_type","status-publish","has-post-thumbnail","hentry","mphb_room_type_category-location-dhebergement","mphb-room-type-adults-4","mphb-room-type-children-0",""],"yoast_head":"<!-- This site is optimized with the Yoast SEO plugin v26.9 - https:\/\/yoast.com\/product\/yoast-seo-wordpress\/ -->\n<title>Mobil Home PMR 2 Chambres - Parc de la Chesnaie<\/title>\n<meta name=\"description\" content=\"Le Parc de la Chesnaie met \u00e0 votre disposition des mobil-home adapt\u00e9 aux personnes \u00e0 mobilit\u00e9 r\u00e9duite afin que tous puissent passer d&#039;agr\u00e9ables vacances\" \/>\n<meta name=\"robots\" content=\"noindex, follow\" \/>\n<meta property=\"og:locale\" content=\"de_DE\" \/>\n<meta property=\"og:type\" content=\"article\" \/>\n<meta property=\"og:title\" content=\"Mobil Home PMR 2 Chambres - Parc de la Chesnaie\" \/>\n<meta property=\"og:description\" content=\"Le Parc de la Chesnaie met \u00e0 votre disposition des mobil-home adapt\u00e9 aux personnes \u00e0 mobilit\u00e9 r\u00e9duite afin que tous puissent passer d&#039;agr\u00e9ables vacances\" \/>\n<meta property=\"og:url\" content=\"https:\/\/www.chesnaie.eu\/de\/hebergement\/mobil-home-pmr-2-chambres\/\" \/>\n<meta property=\"og:site_name\" content=\"Parc de la Chesnaie\" \/>\n<meta property=\"article:modified_time\" content=\"2022-09-12T08:16:04+00:00\" \/>\n<meta property=\"og:image\" content=\"https:\/\/www.chesnaie.eu\/wp-content\/uploads\/2020\/05\/PMR2.jpg\" \/>\n\t<meta property=\"og:image:width\" content=\"1207\" \/>\n\t<meta property=\"og:image:height\" content=\"800\" \/>\n\t<meta property=\"og:image:type\" content=\"image\/jpeg\" \/>\n<meta name=\"twitter:card\" content=\"summary_large_image\" \/>\n<meta name=\"twitter:label1\" content=\"Gesch\u00e4tzte Lesezeit\" \/>\n\t<meta name=\"twitter:data1\" content=\"1\u00a0Minute\" \/>\n<script type=\"application\/ld+json\" class=\"yoast-schema-graph\">{\"@context\":\"https:\/\/schema.org\",\"@graph\":[{\"@type\":\"WebPage\",\"@id\":\"https:\/\/www.chesnaie.eu\/de\/hebergement\/mobil-home-pmr-2-chambres\/\",\"url\":\"https:\/\/www.chesnaie.eu\/de\/hebergement\/mobil-home-pmr-2-chambres\/\",\"name\":\"Mobil Home PMR 2 Chambres - Parc de la Chesnaie\",\"isPartOf\":{\"@id\":\"https:\/\/www.chesnaie.eu\/#website\"},\"primaryImageOfPage\":{\"@id\":\"https:\/\/www.chesnaie.eu\/de\/hebergement\/mobil-home-pmr-2-chambres\/#primaryimage\"},\"image\":{\"@id\":\"https:\/\/www.chesnaie.eu\/de\/hebergement\/mobil-home-pmr-2-chambres\/#primaryimage\"},\"thumbnailUrl\":\"https:\/\/www.chesnaie.eu\/wp-content\/uploads\/2020\/05\/PMR2.jpg\",\"datePublished\":\"2020-05-03T17:44:33+00:00\",\"dateModified\":\"2022-09-12T08:16:04+00:00\",\"description\":\"Le Parc de la Chesnaie met \u00e0 votre disposition des mobil-home adapt\u00e9 aux personnes \u00e0 mobilit\u00e9 r\u00e9duite afin que tous puissent passer d'agr\u00e9ables vacances\",\"breadcrumb\":{\"@id\":\"https:\/\/www.chesnaie.eu\/de\/hebergement\/mobil-home-pmr-2-chambres\/#breadcrumb\"},\"inLanguage\":\"de\",\"potentialAction\":[{\"@type\":\"ReadAction\",\"target\":[\"https:\/\/www.chesnaie.eu\/de\/hebergement\/mobil-home-pmr-2-chambres\/\"]}]},{\"@type\":\"ImageObject\",\"inLanguage\":\"de\",\"@id\":\"https:\/\/www.chesnaie.eu\/de\/hebergement\/mobil-home-pmr-2-chambres\/#primaryimage\",\"url\":\"https:\/\/www.chesnaie.eu\/wp-content\/uploads\/2020\/05\/PMR2.jpg\",\"contentUrl\":\"https:\/\/www.chesnaie.eu\/wp-content\/uploads\/2020\/05\/PMR2.jpg\",\"width\":1207,\"height\":800,\"caption\":\"Photo PMR 2\"},{\"@type\":\"BreadcrumbList\",\"@id\":\"https:\/\/www.chesnaie.eu\/de\/hebergement\/mobil-home-pmr-2-chambres\/#breadcrumb\",\"itemListElement\":[{\"@type\":\"ListItem\",\"position\":1,\"name\":\"Accueil\",\"item\":\"https:\/\/www.chesnaie.eu\/\"},{\"@type\":\"ListItem\",\"position\":2,\"name\":\"Accommodation Types\",\"item\":\"https:\/\/www.chesnaie.eu\/de\/hebergement\/\"},{\"@type\":\"ListItem\",\"position\":3,\"name\":\"Mobil Home PMR 2 Chambres\"}]},{\"@type\":\"WebSite\",\"@id\":\"https:\/\/www.chesnaie.eu\/#website\",\"url\":\"https:\/\/www.chesnaie.eu\/\",\"name\":\"Parc de la Chesnaie\",\"description\":\"Parc r\u00e9sidentiel de loisirs\",\"publisher\":{\"@id\":\"https:\/\/www.chesnaie.eu\/#organization\"},\"potentialAction\":[{\"@type\":\"SearchAction\",\"target\":{\"@type\":\"EntryPoint\",\"urlTemplate\":\"https:\/\/www.chesnaie.eu\/?s={search_term_string}\"},\"query-input\":{\"@type\":\"PropertyValueSpecification\",\"valueRequired\":true,\"valueName\":\"search_term_string\"}}],\"inLanguage\":\"de\"},{\"@type\":\"Organization\",\"@id\":\"https:\/\/www.chesnaie.eu\/#organization\",\"name\":\"Parc de la Chesnaie\",\"url\":\"https:\/\/www.chesnaie.eu\/\",\"logo\":{\"@type\":\"ImageObject\",\"inLanguage\":\"de\",\"@id\":\"https:\/\/www.chesnaie.eu\/#\/schema\/logo\/image\/\",\"url\":\"https:\/\/www.chesnaie.eu\/wp-content\/uploads\/2020\/04\/logo-s.png\",\"contentUrl\":\"https:\/\/www.chesnaie.eu\/wp-content\/uploads\/2020\/04\/logo-s.png\",\"width\":100,\"height\":100,\"caption\":\"Parc de la Chesnaie\"},\"image\":{\"@id\":\"https:\/\/www.chesnaie.eu\/#\/schema\/logo\/image\/\"}}]}<\/script>\n<!-- \/ Yoast SEO plugin. -->","yoast_head_json":{"title":"Mobil Home PMR 2 Chambres - Parc de la Chesnaie","description":"Le Parc de la Chesnaie met \u00e0 votre disposition des mobil-home adapt\u00e9 aux personnes \u00e0 mobilit\u00e9 r\u00e9duite afin que tous puissent passer d'agr\u00e9ables vacances","robots":{"index":"noindex","follow":"follow"},"og_locale":"de_DE","og_type":"article","og_title":"Mobil Home PMR 2 Chambres - Parc de la Chesnaie","og_description":"Le Parc de la Chesnaie met \u00e0 votre disposition des mobil-home adapt\u00e9 aux personnes \u00e0 mobilit\u00e9 r\u00e9duite afin que tous puissent passer d'agr\u00e9ables vacances","og_url":"https:\/\/www.chesnaie.eu\/de\/hebergement\/mobil-home-pmr-2-chambres\/","og_site_name":"Parc de la Chesnaie","article_modified_time":"2022-09-12T08:16:04+00:00","og_image":[{"width":1207,"height":800,"url":"https:\/\/www.chesnaie.eu\/wp-content\/uploads\/2020\/05\/PMR2.jpg","type":"image\/jpeg"}],"twitter_card":"summary_large_image","twitter_misc":{"Gesch\u00e4tzte Lesezeit":"1\u00a0Minute"},"schema":{"@context":"https:\/\/schema.org","@graph":[{"@type":"WebPage","@id":"https:\/\/www.chesnaie.eu\/de\/hebergement\/mobil-home-pmr-2-chambres\/","url":"https:\/\/www.chesnaie.eu\/de\/hebergement\/mobil-home-pmr-2-chambres\/","name":"Mobil Home PMR 2 Chambres - Parc de la Chesnaie","isPartOf":{"@id":"https:\/\/www.chesnaie.eu\/#website"},"primaryImageOfPage":{"@id":"https:\/\/www.chesnaie.eu\/de\/hebergement\/mobil-home-pmr-2-chambres\/#primaryimage"},"image":{"@id":"https:\/\/www.chesnaie.eu\/de\/hebergement\/mobil-home-pmr-2-chambres\/#primaryimage"},"thumbnailUrl":"https:\/\/www.chesnaie.eu\/wp-content\/uploads\/2020\/05\/PMR2.jpg","datePublished":"2020-05-03T17:44:33+00:00","dateModified":"2022-09-12T08:16:04+00:00","description":"Le Parc de la Chesnaie met \u00e0 votre disposition des mobil-home adapt\u00e9 aux personnes \u00e0 mobilit\u00e9 r\u00e9duite afin que tous puissent passer d'agr\u00e9ables vacances","breadcrumb":{"@id":"https:\/\/www.chesnaie.eu\/de\/hebergement\/mobil-home-pmr-2-chambres\/#breadcrumb"},"inLanguage":"de","potentialAction":[{"@type":"ReadAction","target":["https:\/\/www.chesnaie.eu\/de\/hebergement\/mobil-home-pmr-2-chambres\/"]}]},{"@type":"ImageObject","inLanguage":"de","@id":"https:\/\/www.chesnaie.eu\/de\/hebergement\/mobil-home-pmr-2-chambres\/#primaryimage","url":"https:\/\/www.chesnaie.eu\/wp-content\/uploads\/2020\/05\/PMR2.jpg","contentUrl":"https:\/\/www.chesnaie.eu\/wp-content\/uploads\/2020\/05\/PMR2.jpg","width":1207,"height":800,"caption":"Photo PMR 2"},{"@type":"BreadcrumbList","@id":"https:\/\/www.chesnaie.eu\/de\/hebergement\/mobil-home-pmr-2-chambres\/#breadcrumb","itemListElement":[{"@type":"ListItem","position":1,"name":"Accueil","item":"https:\/\/www.chesnaie.eu\/"},{"@type":"ListItem","position":2,"name":"Accommodation Types","item":"https:\/\/www.chesnaie.eu\/de\/hebergement\/"},{"@type":"ListItem","position":3,"name":"Mobil Home PMR 2 Chambres"}]},{"@type":"WebSite","@id":"https:\/\/www.chesnaie.eu\/#website","url":"https:\/\/www.chesnaie.eu\/","name":"Parc de la Chesnaie","description":"Parc r\u00e9sidentiel de loisirs","publisher":{"@id":"https:\/\/www.chesnaie.eu\/#organization"},"potentialAction":[{"@type":"SearchAction","target":{"@type":"EntryPoint","urlTemplate":"https:\/\/www.chesnaie.eu\/?s={search_term_string}"},"query-input":{"@type":"PropertyValueSpecification","valueRequired":true,"valueName":"search_term_string"}}],"inLanguage":"de"},{"@type":"Organization","@id":"https:\/\/www.chesnaie.eu\/#organization","name":"Parc de la Chesnaie","url":"https:\/\/www.chesnaie.eu\/","logo":{"@type":"ImageObject","inLanguage":"de","@id":"https:\/\/www.chesnaie.eu\/#\/schema\/logo\/image\/","url":"https:\/\/www.chesnaie.eu\/wp-content\/uploads\/2020\/04\/logo-s.png","contentUrl":"https:\/\/www.chesnaie.eu\/wp-content\/uploads\/2020\/04\/logo-s.png","width":100,"height":100,"caption":"Parc de la Chesnaie"},"image":{"@id":"https:\/\/www.chesnaie.eu\/#\/schema\/logo\/image\/"}}]}},"_links":{"self":[{"href":"https:\/\/www.chesnaie.eu\/de\/wp-json\/wp\/v2\/mphb_room_type\/1349","targetHints":{"allow":["GET"]}}],"collection":[{"href":"https:\/\/www.chesnaie.eu\/de\/wp-json\/wp\/v2\/mphb_room_type"}],"about":[{"href":"https:\/\/www.chesnaie.eu\/de\/wp-json\/wp\/v2\/types\/mphb_room_type"}],"replies":[{"embeddable":true,"href":"https:\/\/www.chesnaie.eu\/de\/wp-json\/wp\/v2\/comments?post=1349"}],"wp:featuredmedia":[{"embeddable":true,"href":"https:\/\/www.chesnaie.eu\/de\/wp-json\/wp\/v2\/media\/1350"}],"wp:attachment":[{"href":"https:\/\/www.chesnaie.eu\/de\/wp-json\/wp\/v2\/media?parent=1349"}],"wp:term":[{"taxonomy":"mphb_room_type_category","embeddable":true,"href":"https:\/\/www.chesnaie.eu\/de\/wp-json\/wp\/v2\/mphb_room_type_category?post=1349"},{"taxonomy":"mphb_room_type_tag","embeddable":true,"href":"https:\/\/www.chesnaie.eu\/de\/wp-json\/wp\/v2\/mphb_room_type_tag?post=1349"},{"taxonomy":"mphb_room_type_facility","embeddable":true,"href":"https:\/\/www.chesnaie.eu\/de\/wp-json\/wp\/v2\/mphb_room_type_facility?post=1349"}],"curies":[{"name":"wp","href":"https:\/\/api.w.org\/{rel}","templated":true}]}}

<div id="gauchedet" class="left w50">
<div>
<div class="contdetail justify">
<h2>Grosser Luxus für die ganze Familie</h2>
<p>Un mobil-home confortable pour 4 personnes, accessible aux personnes à mobilité réduite.</p>
<p>Mais aussi pour ceux qui veulent un peu plus d’espace dans la chambre et dans la salle d’eau pendant leur séjour…</p>
<p>La Chesnaie offre aux personnes à mobilité réduite, des accès et parking dédiés, un espace douche spécifique, des sanitaires aux normes même au bar.</p>
</div>
</div>
</div>
<div id="droitedetdet" class="left w50 justify">
<div>
<h3>Masse :</h3>
<p>L. x l. x H. m 2 chambres &#8211; 4 personnes<br />
Fläche: 45m²</p>
<ul>
<li>Cuisine équipée avec évier, plaque 4 feux gaz, micro-ondes, réfrigérateur, cafetière électrique, bouilloire et vaisselle</li>
<li>Salon</li>
<li>1 Zimmer mit einem Bett 140cm</li>
<li>1 chambre lits superposés 70cm</li>
<li>Bettdecken, Decken und Kopfkissen</li>
<li>Salle de bain adaptée avec douche, lavabo et wc</li>
<li>Terrasse non couverte avec salon de jardin, parasol et barbecue</li>
<li>1 rampe d’accès</li>
</ul>
</div>
</div>

<p>Grosser Luxus für die ganze Familie<br />
Un mobil-home confortable pour 4 personnes, accessible aux personnes à mobilité réduite.<br />
Mais aussi pour ceux qui veulent un peu plus d’espace dans la chambre et dans la salle d’eau pendant leur séjour…</p>

<!-- This site is optimized with the Yoast SEO plugin v26.9 - https://yoast.com/product/yoast-seo-wordpress/ -->
<title>Mobil Home PMR 2 Chambres - Parc de la Chesnaie</title>
<meta name="description" content="Le Parc de la Chesnaie met à votre disposition des mobil-home adapté aux personnes à mobilité réduite afin que tous puissent passer d&#039;agréables vacances" />
<meta name="robots" content="noindex, follow" />
<meta property="og:locale" content="de_DE" />
<meta property="og:type" content="article" />
<meta property="og:title" content="Mobil Home PMR 2 Chambres - Parc de la Chesnaie" />
<meta property="og:description" content="Le Parc de la Chesnaie met à votre disposition des mobil-home adapté aux personnes à mobilité réduite afin que tous puissent passer d&#039;agréables vacances" />
<meta property="og:url" content="https://www.chesnaie.eu/de/hebergement/mobil-home-pmr-2-chambres/" />
<meta property="og:site_name" content="Parc de la Chesnaie" />
<meta property="article:modified_time" content="2022-09-12T08:16:04+00:00" />
<meta property="og:image" content="https://www.chesnaie.eu/wp-content/uploads/2020/05/PMR2.jpg" />
	<meta property="og:image:width" content="1207" />
	<meta property="og:image:height" content="800" />
	<meta property="og:image:type" content="image/jpeg" />
<meta name="twitter:card" content="summary_large_image" />
<meta name="twitter:label1" content="Geschätzte Lesezeit" />
	<meta name="twitter:data1" content="1 Minute" />
<script type="application/ld+json" class="yoast-schema-graph">{"@context":"https://schema.org","@graph":[{"@type":"WebPage","@id":"https://www.chesnaie.eu/de/hebergement/mobil-home-pmr-2-chambres/","url":"https://www.chesnaie.eu/de/hebergement/mobil-home-pmr-2-chambres/","name":"Mobil Home PMR 2 Chambres - Parc de la Chesnaie","isPartOf":{"@id":"https://www.chesnaie.eu/#website"},"primaryImageOfPage":{"@id":"https://www.chesnaie.eu/de/hebergement/mobil-home-pmr-2-chambres/#primaryimage"},"image":{"@id":"https://www.chesnaie.eu/de/hebergement/mobil-home-pmr-2-chambres/#primaryimage"},"thumbnailUrl":"https://www.chesnaie.eu/wp-content/uploads/2020/05/PMR2.jpg","datePublished":"2020-05-03T17:44:33+00:00","dateModified":"2022-09-12T08:16:04+00:00","description":"Le Parc de la Chesnaie met à votre disposition des mobil-home adapté aux personnes à mobilité réduite afin que tous puissent passer d'agréables vacances","breadcrumb":{"@id":"https://www.chesnaie.eu/de/hebergement/mobil-home-pmr-2-chambres/#breadcrumb"},"inLanguage":"de","potentialAction":[{"@type":"ReadAction","target":["https://www.chesnaie.eu/de/hebergement/mobil-home-pmr-2-chambres/"]}]},{"@type":"ImageObject","inLanguage":"de","@id":"https://www.chesnaie.eu/de/hebergement/mobil-home-pmr-2-chambres/#primaryimage","url":"https://www.chesnaie.eu/wp-content/uploads/2020/05/PMR2.jpg","contentUrl":"https://www.chesnaie.eu/wp-content/uploads/2020/05/PMR2.jpg","width":1207,"height":800,"caption":"Photo PMR 2"},{"@type":"BreadcrumbList","@id":"https://www.chesnaie.eu/de/hebergement/mobil-home-pmr-2-chambres/#breadcrumb","itemListElement":[{"@type":"ListItem","position":1,"name":"Accueil","item":"https://www.chesnaie.eu/"},{"@type":"ListItem","position":2,"name":"Accommodation Types","item":"https://www.chesnaie.eu/de/hebergement/"},{"@type":"ListItem","position":3,"name":"Mobil Home PMR 2 Chambres"}]},{"@type":"WebSite","@id":"https://www.chesnaie.eu/#website","url":"https://www.chesnaie.eu/","name":"Parc de la Chesnaie","description":"Parc résidentiel de loisirs","publisher":{"@id":"https://www.chesnaie.eu/#organization"},"potentialAction":[{"@type":"SearchAction","target":{"@type":"EntryPoint","urlTemplate":"https://www.chesnaie.eu/?s={search_term_string}"},"query-input":{"@type":"PropertyValueSpecification","valueRequired":true,"valueName":"search_term_string"}}],"inLanguage":"de"},{"@type":"Organization","@id":"https://www.chesnaie.eu/#organization","name":"Parc de la Chesnaie","url":"https://www.chesnaie.eu/","logo":{"@type":"ImageObject","inLanguage":"de","@id":"https://www.chesnaie.eu/#/schema/logo/image/","url":"https://www.chesnaie.eu/wp-content/uploads/2020/04/logo-s.png","contentUrl":"https://www.chesnaie.eu/wp-content/uploads/2020/04/logo-s.png","width":100,"height":100,"caption":"Parc de la Chesnaie"},"image":{"@id":"https://www.chesnaie.eu/#/schema/logo/image/"}}]}</script>
<!-- / Yoast SEO plugin. -->

Le Parc de la Chesnaie met à votre disposition des mobil-home adapté aux personnes à mobilité réduite afin que tous puissent passer d'agréables vacances

Parc résidentiel de loisirs
